{"id":1753,"date":"2022-09-11T17:19:04","date_gmt":"2022-09-11T17:19:04","guid":{"rendered":"https:\/\/kubu-wellness.com\/?post_type=product&#038;p=1753"},"modified":"2025-05-20T08:37:28","modified_gmt":"2025-05-20T06:37:28","slug":"sauna-cylindryczna","status":"publish","type":"product","link":"https:\/\/kubu-wellness.com\/de\/product\/sauna-cylindryczna\/","title":{"rendered":"Zylindrische Sauna"},"content":{"rendered":"<p><strong>Ausstattung:<\/strong><\/p>\n<p>Finish: Skandinavische Fichte mit Impr\u00e4gnierung (Farbe nach Farbpalette)<\/p>\n<p>Ausf\u00fchrung der B\u00e4nke: Schwarzerle + Espe<\/p>\n<p>Glast\u00fcren<\/p>\n<p>Innenbeleuchtung<\/p>\n<p>Elektroherd (9kW)<\/p>","protected":false},"excerpt":{"rendered":"<p><strong>Lieferzeit:<\/strong> von 3 bis 5 Wochen<\/p>\n<p><strong>Technische Daten: <\/strong><\/p>\n<p>Finish: Skandinavische Fichte<\/p>\n<p>Ausf\u00fchrung der B\u00e4nke: Schwarzerle + Espe<\/p>\n<p>Ma\u00dfen (Durchmesser): 200 cm<\/p>\n<p>Elektroherd (9kW)<\/p>\n<p>Empfohlen f\u00fcr: 2 - 4 Personen<\/p>","protected":false},"featured_media":1755,"comment_status":"open","ping_status":"closed","template":"","meta":{"neve_meta_sidebar":"","neve_meta_container":"","neve_meta_enable_content_width":"off","neve_meta_content_width":100,"neve_meta_title_alignment":"","neve_meta_author_avatar":"","neve_post_elements_order":"","neve_meta_disable_header":"on","neve_meta_disable_footer":"","neve_meta_disable_title":"","neve_meta_reading_time":"","_ti_tpc_template_sync":false,"_ti_tpc_template_id":""},"product_cat":[73],"product_tag":[120,121,117,118,124,119],"yoast_head":"<!-- This site is optimized with the Yoast SEO plugin v19.10 - https:\/\/yoast.com\/wordpress\/plugins\/seo\/ -->\n<title>Sauna cylindryczna - KUBU WELLNESS COMPANY - BALIE I SAUNY W TWOIM OGRODZIE - SKONFIGURUJ I ZAM\u00d3W<\/title>\n<meta name=\"robots\" content=\"index, follow, max-snippet:-1, max-image-preview:large, max-video-preview:-1\" \/>\n<link rel=\"canonical\" href=\"https:\/\/kubu-wellness.com\/de\/product\/sauna-cylindryczna\/\" \/>\n<meta property=\"og:locale\" content=\"de_DE\" \/>\n<meta property=\"og:type\" content=\"article\" \/>\n<meta property=\"og:title\" content=\"Sauna cylindryczna - KUBU WELLNESS COMPANY - BALIE I SAUNY W TWOIM OGRODZIE - SKONFIGURUJ I ZAM\u00d3W\" \/>\n<meta property=\"og:description\" content=\"Czas realizacji zam\u00f3wienia: od 3 do 5 tygodni  Parametry techniczne:   Wyko\u0144czenie: \u015bwierk skandynawski  Wyko\u0144czenie \u0142awek: czarna olcha + osika  Wymiary (\u015brednica): 200 cm  Piec elektryczny (9kW)  Rekomendowana dla: 2 - 4 os\u00f3b\" \/>\n<meta property=\"og:url\" content=\"https:\/\/kubu-wellness.com\/de\/product\/sauna-cylindryczna\/\" \/>\n<meta property=\"og:site_name\" content=\"KUBU WELLNESS COMPANY - BALIE I SAUNY W TWOIM OGRODZIE - SKONFIGURUJ I ZAM\u00d3W\" \/>\n<meta property=\"article:modified_time\" content=\"2025-05-20T06:37:28+00:00\" \/>\n<meta property=\"og:image\" content=\"https:\/\/kubu-wellness.com\/wp-content\/uploads\/2022\/09\/WhatsApp-Image-2022-09-11-at-19.12.18-1.jpeg\" \/>\n\t<meta property=\"og:image:width\" content=\"1024\" \/>\n\t<meta property=\"og:image:height\" content=\"768\" \/>\n\t<meta property=\"og:image:type\" content=\"image\/jpeg\" \/>\n<meta name=\"twitter:card\" content=\"summary_large_image\" \/>\n<script type=\"application\/ld+json\" class=\"yoast-schema-graph\">{\"@context\":\"https:\/\/schema.org\",\"@graph\":[{\"@type\":\"WebPage\",\"@id\":\"https:\/\/kubu-wellness.com\/de\/product\/sauna-cylindryczna\/\",\"url\":\"https:\/\/kubu-wellness.com\/de\/product\/sauna-cylindryczna\/\",\"name\":\"Sauna cylindryczna - KUBU WELLNESS COMPANY - BALIE I SAUNY W TWOIM OGRODZIE - SKONFIGURUJ I ZAM\u00d3W\",\"isPartOf\":{\"@id\":\"https:\/\/kubu-wellness.com\/#website\"},\"datePublished\":\"2022-09-11T17:19:04+00:00\",\"dateModified\":\"2025-05-20T06:37:28+00:00\",\"breadcrumb\":{\"@id\":\"https:\/\/kubu-wellness.com\/de\/product\/sauna-cylindryczna\/#breadcrumb\"},\"inLanguage\":\"de-DE\",\"potentialAction\":[{\"@type\":\"ReadAction\",\"target\":[\"https:\/\/kubu-wellness.com\/de\/product\/sauna-cylindryczna\/\"]}]},{\"@type\":\"BreadcrumbList\",\"@id\":\"https:\/\/kubu-wellness.com\/de\/product\/sauna-cylindryczna\/#breadcrumb\",\"itemListElement\":[{\"@type\":\"ListItem\",\"position\":1,\"name\":\"Strona g\u0142\u00f3wna\",\"item\":\"https:\/\/kubu-wellness.com\/\"},{\"@type\":\"ListItem\",\"position\":2,\"name\":\"OFERTA\",\"item\":\"https:\/\/kubu-wellness.com\/shop\/\"},{\"@type\":\"ListItem\",\"position\":3,\"name\":\"Sauna cylindryczna\"}]},{\"@type\":\"WebSite\",\"@id\":\"https:\/\/kubu-wellness.com\/#website\",\"url\":\"https:\/\/kubu-wellness.com\/\",\"name\":\"KUBU WELLNESS COMPANY - BALIE I SAUNY W TWOIM OGRODZIE - SKONFIGURUJ I ZAM\u00d3W\",\"description\":\"Podaruj sobie odrobin\u0119 relaksu - balia i sauna ogrodowa - Twoje w\u0142asne SPA. Sprawd\u017a, skonfiguruj, i zam\u00f3w!\",\"publisher\":{\"@id\":\"https:\/\/kubu-wellness.com\/#organization\"},\"potentialAction\":[{\"@type\":\"SearchAction\",\"target\":{\"@type\":\"EntryPoint\",\"urlTemplate\":\"https:\/\/kubu-wellness.com\/?s={search_term_string}\"},\"query-input\":\"required name=search_term_string\"}],\"inLanguage\":\"de-DE\"},{\"@type\":\"Organization\",\"@id\":\"https:\/\/kubu-wellness.com\/#organization\",\"name\":\"KUBU WELLNESS COMPANY - BALIE I SAUNY W TWOIM OGRODZIE - SKONFIGURUJ I ZAM\u00d3W\",\"url\":\"https:\/\/kubu-wellness.com\/\",\"logo\":{\"@type\":\"ImageObject\",\"inLanguage\":\"de-DE\",\"@id\":\"https:\/\/kubu-wellness.com\/#\/schema\/logo\/image\/\",\"url\":\"https:\/\/kubu-wellness.com\/wp-content\/uploads\/2020\/05\/cropped-pharmacy-logo.png\",\"contentUrl\":\"https:\/\/kubu-wellness.com\/wp-content\/uploads\/2020\/05\/cropped-pharmacy-logo.png\",\"width\":325,\"height\":82,\"caption\":\"KUBU WELLNESS COMPANY - BALIE I SAUNY W TWOIM OGRODZIE - SKONFIGURUJ I ZAM\u00d3W\"},\"image\":{\"@id\":\"https:\/\/kubu-wellness.com\/#\/schema\/logo\/image\/\"}}]}<\/script>\n<!-- \/ Yoast SEO plugin. -->","yoast_head_json":{"title":"Sauna cylindryczna - KUBU WELLNESS COMPANY - BALIE I SAUNY W TWOIM OGRODZIE - SKONFIGURUJ I ZAM\u00d3W","robots":{"index":"index","follow":"follow","max-snippet":"max-snippet:-1","max-image-preview":"max-image-preview:large","max-video-preview":"max-video-preview:-1"},"canonical":"https:\/\/kubu-wellness.com\/de\/product\/sauna-cylindryczna\/","og_locale":"de_DE","og_type":"article","og_title":"Sauna cylindryczna - KUBU WELLNESS COMPANY - BALIE I SAUNY W TWOIM OGRODZIE - SKONFIGURUJ I ZAM\u00d3W","og_description":"Czas realizacji zam\u00f3wienia: od 3 do 5 tygodni  Parametry techniczne:   Wyko\u0144czenie: \u015bwierk skandynawski  Wyko\u0144czenie \u0142awek: czarna olcha + osika  Wymiary (\u015brednica): 200 cm  Piec elektryczny (9kW)  Rekomendowana dla: 2 - 4 os\u00f3b","og_url":"https:\/\/kubu-wellness.com\/de\/product\/sauna-cylindryczna\/","og_site_name":"KUBU WELLNESS COMPANY - BALIE I SAUNY W TWOIM OGRODZIE - SKONFIGURUJ I ZAM\u00d3W","article_modified_time":"2025-05-20T06:37:28+00:00","og_image":[{"width":1024,"height":768,"url":"https:\/\/kubu-wellness.com\/wp-content\/uploads\/2022\/09\/WhatsApp-Image-2022-09-11-at-19.12.18-1.jpeg","type":"image\/jpeg"}],"twitter_card":"summary_large_image","schema":{"@context":"https:\/\/schema.org","@graph":[{"@type":"WebPage","@id":"https:\/\/kubu-wellness.com\/de\/product\/sauna-cylindryczna\/","url":"https:\/\/kubu-wellness.com\/de\/product\/sauna-cylindryczna\/","name":"Sauna cylindryczna - KUBU WELLNESS COMPANY - BALIE I SAUNY W TWOIM OGRODZIE - SKONFIGURUJ I ZAM\u00d3W","isPartOf":{"@id":"https:\/\/kubu-wellness.com\/#website"},"datePublished":"2022-09-11T17:19:04+00:00","dateModified":"2025-05-20T06:37:28+00:00","breadcrumb":{"@id":"https:\/\/kubu-wellness.com\/de\/product\/sauna-cylindryczna\/#breadcrumb"},"inLanguage":"de-DE","potentialAction":[{"@type":"ReadAction","target":["https:\/\/kubu-wellness.com\/de\/product\/sauna-cylindryczna\/"]}]},{"@type":"BreadcrumbList","@id":"https:\/\/kubu-wellness.com\/de\/product\/sauna-cylindryczna\/#breadcrumb","itemListElement":[{"@type":"ListItem","position":1,"name":"Strona g\u0142\u00f3wna","item":"https:\/\/kubu-wellness.com\/"},{"@type":"ListItem","position":2,"name":"OFERTA","item":"https:\/\/kubu-wellness.com\/shop\/"},{"@type":"ListItem","position":3,"name":"Sauna cylindryczna"}]},{"@type":"WebSite","@id":"https:\/\/kubu-wellness.com\/#website","url":"https:\/\/kubu-wellness.com\/","name":"KUBU WELLNESS COMPANY - BALIE I SAUNY W TWOIM OGRODZIE - SKONFIGURUJ I ZAM\u00d3W","description":"Podaruj sobie odrobin\u0119 relaksu - balia i sauna ogrodowa - Twoje w\u0142asne SPA. Sprawd\u017a, skonfiguruj, i zam\u00f3w!","publisher":{"@id":"https:\/\/kubu-wellness.com\/#organization"},"potentialAction":[{"@type":"SearchAction","target":{"@type":"EntryPoint","urlTemplate":"https:\/\/kubu-wellness.com\/?s={search_term_string}"},"query-input":"required name=search_term_string"}],"inLanguage":"de-DE"},{"@type":"Organization","@id":"https:\/\/kubu-wellness.com\/#organization","name":"KUBU WELLNESS COMPANY - BALIE I SAUNY W TWOIM OGRODZIE - SKONFIGURUJ I ZAM\u00d3W","url":"https:\/\/kubu-wellness.com\/","logo":{"@type":"ImageObject","inLanguage":"de-DE","@id":"https:\/\/kubu-wellness.com\/#\/schema\/logo\/image\/","url":"https:\/\/kubu-wellness.com\/wp-content\/uploads\/2020\/05\/cropped-pharmacy-logo.png","contentUrl":"https:\/\/kubu-wellness.com\/wp-content\/uploads\/2020\/05\/cropped-pharmacy-logo.png","width":325,"height":82,"caption":"KUBU WELLNESS COMPANY - BALIE I SAUNY W TWOIM OGRODZIE - SKONFIGURUJ I ZAM\u00d3W"},"image":{"@id":"https:\/\/kubu-wellness.com\/#\/schema\/logo\/image\/"}}]}},"_links":{"self":[{"href":"https:\/\/kubu-wellness.com\/de\/wp-json\/wp\/v2\/product\/1753"}],"collection":[{"href":"https:\/\/kubu-wellness.com\/de\/wp-json\/wp\/v2\/product"}],"about":[{"href":"https:\/\/kubu-wellness.com\/de\/wp-json\/wp\/v2\/types\/product"}],"replies":[{"embeddable":true,"href":"https:\/\/kubu-wellness.com\/de\/wp-json\/wp\/v2\/comments?post=1753"}],"wp:featuredmedia":[{"embeddable":true,"href":"https:\/\/kubu-wellness.com\/de\/wp-json\/wp\/v2\/media\/1755"}],"wp:attachment":[{"href":"https:\/\/kubu-wellness.com\/de\/wp-json\/wp\/v2\/media?parent=1753"}],"wp:term":[{"taxonomy":"product_cat","embeddable":true,"href":"https:\/\/kubu-wellness.com\/de\/wp-json\/wp\/v2\/product_cat?post=1753"},{"taxonomy":"product_tag","embeddable":true,"href":"https:\/\/kubu-wellness.com\/de\/wp-json\/wp\/v2\/product_tag?post=1753"}],"curies":[{"name":"wp","href":"https:\/\/api.w.org\/{rel}","templated":true}]}}

<p><strong>Ausstattung:</strong></p>
<p>Finish: Skandinavische Fichte mit Imprägnierung (Farbe nach Farbpalette)</p>
<p>Ausführung der Bänke: Schwarzerle + Espe</p>
<p>Glastüren</p>
<p>Innenbeleuchtung</p>
<p>Elektroherd (9kW)</p>

<p><strong>Lieferzeit:</strong> von 3 bis 5 Wochen</p>
<p><strong>Technische Daten: </strong></p>
<p>Finish: Skandinavische Fichte</p>
<p>Ausführung der Bänke: Schwarzerle + Espe</p>
<p>Maßen (Durchmesser): 200 cm</p>
<p>Elektroherd (9kW)</p>
<p>Empfohlen für: 2 - 4 Personen</p>

<!-- This site is optimized with the Yoast SEO plugin v19.10 - https://yoast.com/wordpress/plugins/seo/ -->
<title>Sauna cylindryczna - KUBU WELLNESS COMPANY - BALIE I SAUNY W TWOIM OGRODZIE - SKONFIGURUJ I ZAMÓW</title>
<meta name="robots" content="index, follow, max-snippet:-1, max-image-preview:large, max-video-preview:-1" />
<link rel="canonical" href="https://kubu-wellness.com/de/product/sauna-cylindryczna/" />
<meta property="og:locale" content="de_DE" />
<meta property="og:type" content="article" />
<meta property="og:title" content="Sauna cylindryczna - KUBU WELLNESS COMPANY - BALIE I SAUNY W TWOIM OGRODZIE - SKONFIGURUJ I ZAMÓW" />
<meta property="og:description" content="Czas realizacji zamówienia: od 3 do 5 tygodni  Parametry techniczne:   Wykończenie: świerk skandynawski  Wykończenie ławek: czarna olcha + osika  Wymiary (średnica): 200 cm  Piec elektryczny (9kW)  Rekomendowana dla: 2 - 4 osób" />
<meta property="og:url" content="https://kubu-wellness.com/de/product/sauna-cylindryczna/" />
<meta property="og:site_name" content="KUBU WELLNESS COMPANY - BALIE I SAUNY W TWOIM OGRODZIE - SKONFIGURUJ I ZAMÓW" />
<meta property="article:modified_time" content="2025-05-20T06:37:28+00:00" />
<meta property="og:image" content="https://kubu-wellness.com/wp-content/uploads/2022/09/WhatsApp-Image-2022-09-11-at-19.12.18-1.jpeg" />
	<meta property="og:image:width" content="1024" />
	<meta property="og:image:height" content="768" />
	<meta property="og:image:type" content="image/jpeg" />
<meta name="twitter:card" content="summary_large_image" />
<script type="application/ld+json" class="yoast-schema-graph">{"@context":"https://schema.org","@graph":[{"@type":"WebPage","@id":"https://kubu-wellness.com/de/product/sauna-cylindryczna/","url":"https://kubu-wellness.com/de/product/sauna-cylindryczna/","name":"Sauna cylindryczna - KUBU WELLNESS COMPANY - BALIE I SAUNY W TWOIM OGRODZIE - SKONFIGURUJ I ZAMÓW","isPartOf":{"@id":"https://kubu-wellness.com/#website"},"datePublished":"2022-09-11T17:19:04+00:00","dateModified":"2025-05-20T06:37:28+00:00","breadcrumb":{"@id":"https://kubu-wellness.com/de/product/sauna-cylindryczna/#breadcrumb"},"inLanguage":"de-DE","potentialAction":[{"@type":"ReadAction","target":["https://kubu-wellness.com/de/product/sauna-cylindryczna/"]}]},{"@type":"BreadcrumbList","@id":"https://kubu-wellness.com/de/product/sauna-cylindryczna/#breadcrumb","itemListElement":[{"@type":"ListItem","position":1,"name":"Strona główna","item":"https://kubu-wellness.com/"},{"@type":"ListItem","position":2,"name":"OFERTA","item":"https://kubu-wellness.com/shop/"},{"@type":"ListItem","position":3,"name":"Sauna cylindryczna"}]},{"@type":"WebSite","@id":"https://kubu-wellness.com/#website","url":"https://kubu-wellness.com/","name":"KUBU WELLNESS COMPANY - BALIE I SAUNY W TWOIM OGRODZIE - SKONFIGURUJ I ZAMÓW","description":"Podaruj sobie odrobinę relaksu - balia i sauna ogrodowa - Twoje własne SPA. Sprawdź, skonfiguruj, i zamów!","publisher":{"@id":"https://kubu-wellness.com/#organization"},"potentialAction":[{"@type":"SearchAction","target":{"@type":"EntryPoint","urlTemplate":"https://kubu-wellness.com/?s={search_term_string}"},"query-input":"required name=search_term_string"}],"inLanguage":"de-DE"},{"@type":"Organization","@id":"https://kubu-wellness.com/#organization","name":"KUBU WELLNESS COMPANY - BALIE I SAUNY W TWOIM OGRODZIE - SKONFIGURUJ I ZAMÓW","url":"https://kubu-wellness.com/","logo":{"@type":"ImageObject","inLanguage":"de-DE","@id":"https://kubu-wellness.com/#/schema/logo/image/","url":"https://kubu-wellness.com/wp-content/uploads/2020/05/cropped-pharmacy-logo.png","contentUrl":"https://kubu-wellness.com/wp-content/uploads/2020/05/cropped-pharmacy-logo.png","width":325,"height":82,"caption":"KUBU WELLNESS COMPANY - BALIE I SAUNY W TWOIM OGRODZIE - SKONFIGURUJ I ZAMÓW"},"image":{"@id":"https://kubu-wellness.com/#/schema/logo/image/"}}]}</script>
<!-- / Yoast SEO plugin. -->

Sauna cylindryczna - KUBU WELLNESS COMPANY - BALIE I SAUNY W TWOIM OGRODZIE - SKONFIGURUJ I ZAMÓW

Czas realizacji zamówienia: od 3 do 5 tygodni  Parametry techniczne:   Wykończenie: świerk skandynawski  Wykończenie ławek: czarna olcha + osika  Wymiary (średnica): 200 cm  Piec elektryczny (9kW)  Rekomendowana dla: 2 - 4 osób

KUBU WELLNESS COMPANY - BALIE I SAUNY W TWOIM OGRODZIE - SKONFIGURUJ I ZAMÓW

Strona główna

Podaruj sobie odrobinę relaksu - balia i sauna ogrodowa - Twoje własne SPA. Sprawdź, skonfiguruj, i zamów!
